b + 27*b = 5*d + 28, -2*b + 14 = -d. Calculate the highest common divisor of b and 141.
3
Suppose 4*m - 5*v + 122 = 0, 2*m + 20 + 38 = v. Let y = 0 - m. What is the greatest common divisor of 70 and y?
14
Suppose -3*x = -4*x - 3, 3*t - 5*x + 3 = 0. Let p(d) = 2*d**2 + 11*d - 4. Let g be p(t). Suppose -25 = g*y - 223. What is the highest common divisor of y and 9?
9
Suppose 7*r - 13*r = -810. Let t(m) = -3*m + 1. Let b be t(-1). Suppose -r = -b*p + 417. What is the highest common factor of 23 and p?
23
Let m be -1*(-2 + 1)*-5. Let l be (-6)/(-15) + (-108)/m. Suppose -2*u = 3*q - 100, 2*q - 3*q = -5*u - l. What is the greatest common divisor of q and 4?
4
Suppose -4*b = 498 + 46. Let d = b - -268. Calculate the highest common divisor of d and 88.
44
Suppose 10*n - 15 = 13*n. Suppose -7 = -5*x + i, -3*x + 5 - 2 = -i. Let c be n*8/(-20)*x. Calculate the greatest common divisor of 16 and c.
4
Let k = 127 + -84. Suppose k + 117 = 5*h. Suppose 0 = 5*i - 3*i - 32. Calculate the greatest common factor of i and h.
16
Suppose 12*h = 11*h + 300. Suppose -3*v + 120 = v. Calculate the greatest common factor of v and h.
30
Suppose 11*s - 5*s = 300. What is the greatest common divisor of s and 75?
25
Suppose 662 - 566 = f. What is the greatest common factor of 36 and f?
12
Let h be 1 + 3 + 0 + -7. Let a be (0 + h)/(3/(-9)). Suppose a = 3*m - 0. What is the greatest common factor of m and 24?
3
Let b be (8 + -1 - -2)*27. What is the highest common divisor of 81 and b?
81
Let r(u) = -u**2 + 20*u + 112. Let z be r(20). Calculate the highest common divisor of z and 8.
8
Let v be (2/(-3))/((-1)/144) + 0. What is the greatest common factor of v and 240?
48
Let y = -6 - -6. Suppose -9 = -2*c + 3*l, y*l - 2*l = 2. Suppose c*r + 1100 = 8*r. Calculate the greatest common divisor of 20 and r.
20
Let v(a) = -a**2 + 3*a + 24. Let n be v(6). What is the highest common factor of 114 and n?
6
Let f(i) = 20*i + 39. Let k be f(3). Calculate the greatest common divisor of 297 and k.
99
Let k = 47 - 89. Let p = k + 54. Calculate the greatest common factor of p and 6.
6
Let z = 187 - 265. Let m = z - -120. Calculate the greatest common divisor of 126 and m.
42
Suppose 0*q - 2*q + 3 = i, 0 = -q - 2. Suppose 5*p = 4*b - 16, i*b + 2*p = 3*b + 16. Suppose 24 = -b*n + 204. What is the highest common factor of 5 and n?
5
Let d be 19/(114/108)*2. What is the highest common factor of d and 8?
4
Suppose 0 = -391*b + 400*b - 270. What is the greatest common factor of b and 50?
10
Let a(k) = 2*k**2 + 8*k - 8. Let s be a(-6). Let j = 148 - 36. What is the highest common divisor of j and s?
16
Let z = 78 - 51. Calculate the highest common divisor of 18 and z.
9
Let s(a) = -a**3 + 5*a**2 + 6*a + 5. Let y be s(5). Let q = y + 49. Calculate the greatest common factor of 12 and q.
12
Suppose -4*k = -2*k - 60. Let z = -192 + 192. Suppose -5*s + z*s = -k. What is the highest common divisor of s and 2?
2
Suppose 0 = i - 0*i - 2. Let u = 131 + -55. Let c be ((-1)/2)/(-1 - u/(-80)). Calculate the highest common divisor of i and c.
2
Let s(h) = -3*h + 46. Let y be s(14). Calculate the greatest common divisor of y and 14.
2
Let o(q) = q**3 - 42*q**2 - 83*q - 40. Let n be o(44). Let h(i) = -20*i**3 - i**2 - i. Let k be h(-1). What is the greatest common factor of n and k?
20
Let a be 3*-21*(-4)/12. Let l = 6 + a. Let z be 9/l*(-1 + 100). What is the greatest common divisor of z and 22?
11
Let z(s) = 91*s**2 - 10*s + 9. Let j be z(1). Suppose 60 = 3*k + 6. Calculate the highest common divisor of j and k.
18
Let j = 80 - 57. Let g = j + -20. Suppose -3*p + 4*r + r + 175 = 0, g*p - 163 = -r. Calculate the highest common divisor of p and 11.
11
Let x be (1 - 43)/2*22/(-33). What is the highest common divisor of 238 and x?
14
Suppose 0 = -0*b + 4*b - 192. Let c be (5*(3 - 6) + -1)/(-1). What is the highest common factor of b and c?
16
Let g be 5*8/20 + 3. Suppose -g*w + 4*w = 0. Suppose -2*v = 3*i - 23, 0 = -w*v + 3*v - 5*i - 63. Calculate the highest common divisor of v and 112.
16
Let w(d) = 476*d**2 - 37*d - 37. Let o be w(-1). Calculate the highest common divisor of o and 102.
34
Let u = 2 - 0. Suppose 5*s - 12 = 13. Suppose s*d = 27 + 83. Calculate the highest common factor of d and u.
2
Suppose 0 = 6*s - 520 - 116. Let f = s + -90. What is the greatest common factor of f and 48?
16
Suppose -460*g + 454*g = -1350. What is the greatest common factor of g and 810?
45
Let k = -89 + 115. What is the highest common factor of k and 234?
26
Let y = -35 + 100. What is the highest common divisor of 65 and y?
65
Suppose -4*o = -z + 4*z - 2395, -4*o - 4013 = -5*z. What is the greatest common factor of z and 445?
89
Let b = -179 - -270. What is the greatest common divisor of b and 143?
13
Let f be (-79)/(-3) + 4/6. Suppose 153 = 7*z - 225. Calculate the highest common factor of f and z.
27
Let m = -251 - -758. Calculate the highest common factor of m and 117.
39
Suppose -4*f + 704 = 5*n, -2*n + 39*f = 41*f - 280. Calculate the greatest common divisor of 240 and n.
48
Let l(z) = 4*z**3 + 19*z**2 - 6*z + 13. Let u be l(-5). What is the highest common factor of u and 102?
6
Let c be ((-36)/(-6))/(1/1). Suppose -c*j = -2275 - 245. Calculate the greatest common factor of 14 and j.
14
Suppose -2*j - 22 = j + g, -j - 2*g = 9. Let h(d) = -2*d - 6. Let y be h(j). Calculate the highest common factor of y and 16.
8
Let s = -228 + 250. Calculate the greatest common divisor of s and 418.
22
Let b = 4703 + -2568. Calculate the greatest common divisor of b and 35.
35
Suppose -70 = -32*o + 30*o. Calculate the highest common factor of 21 and o.
7
Let g = -11 + 13. Suppose -g*m + 0 = -14. Suppose -11*c = -5*c - 126. What is the highest common factor of m and c?
7
Let p = -103 - -107. Suppose p*z = 8 + 108. What is the highest common factor of z and 203?
29
Let s(w) = w**2 + w - 13. Let v(m) = 11*m + 1. Let u be v(-1). Let d be s(u). Let y(n) = -n + 11. Let i be y(0). What is the highest common factor of i and d?
11
Suppose 0 = -3*x + 3*j + 858, -j - 3*j + 301 = x. Let g = x - 58. Calculate the highest common factor of 21 and g.
21
Let b be (-8)/8*60/(-3). Calculate the greatest common factor of b and 260.
20
Let n be (28/18 + -4)*-3*9. Calculate the greatest common factor of n and 48.
6
Suppose -7*l = -9*l + 12. Let n be (-6)/(-9)*5*l. Calculate the highest common factor of 30 and n.
10
Suppose 226*k = 224*k + 22. What is the highest common factor of k and 11?
11
Let a = -14 - -26. Let u(r) = 6*r + 3. Let l be u(a). What is the greatest common divisor of 30 and l?
15
Let h = -1133 + 1276. What is the highest common factor of h and 52?
13
Let z be 0 - ((-48)/4*-1 - -3). Let o = 22 + z. Calculate the highest common factor of o and 77.
7
Let p = -2 + 4. Suppose b = p*b - 36. Let o be 3/(5 - 2) - -53. Calculate the highest common divisor of b and o.
18
Suppose 6 = 2*o + 4. Suppose u + 1 = -0, 0 = -2*g + 2*u - 10. Let k(x) = -x**2 - 6*x + 1. Let b be k(g). What is the greatest common divisor of o and b?
1
Suppose -73*q = -74*q + 1. What is the highest common factor of q and 20?
1
Let x(r) = 3*r**2 + r + 4. Let w be x(3). Let g = w - 19. Let j = -3 + 6. What is the greatest common divisor of j and g?
3
Suppose -174*c - 44 = -176*c. Suppose -63 = -2*p + s, -4*p + 9 = -4*s - 111. Calculate the greatest common divisor of c and p.
11
Let f(x) = -x**3 - 19*x**2 - 41*x + 37. Let g be f(-17). What is the greatest common factor of 429 and g?
39
Let g = 29 + -27. Suppose -o + 300 = g*o. Calculate the highest common divisor of 40 and o.
20
Let m be 1/(2 + (-55)/30). Suppose m*n - 24 = 2*n. What is the highest common factor of n and 2?
2
Let p = -568 + 574. Calculate the highest common factor of 114 and p.
6
Suppose -5*o + 3*h + 414 = 0, -147 = 3*o - 5*o - 5*h. Calculate the greatest common factor of o and 9.
9
Suppose 0 = 15*z + 7*z - 13090. Calculate the greatest common divisor of z and 238.
119
Let q = 1 + 137. Calculate the highest common divisor of q and 6.
6
Let m(b) = 10*b**2 + 4*b + 387. Let j be m(0). Calculate the highest common divisor of 645 and j.
129
Suppose 0*r = 5*r + 25. Let q = r - -29. Let v be (4/5)/((-14)/(-105)). What is the highest common divisor of v and q?
6
Let v be (1/(-3) - -1)*3. Suppose -4*m = 5*u - 2, 2*u - 2 = -17